 Calculate the remainder when b is divided by 37.
35
Suppose 5*p + 0*p + 280 = 3*c, 0 = -c + 3*p + 96. What is the remainder when c is divided by 79?
11
Let n = 2275 + -2161. What is the remainder when n is divided by 42?
30
Suppose -423 + 363 = -4*i. What is the remainder when 175 is divided by i?
10
Suppose 10 = t - 2*k, 2*t - 3*k = -0*t + 17. Suppose -t*v + 31 - 99 = 0. What is the remainder when 13 is divided by v/(-2) + (-1)/2?
5
Let d be (1/(-2))/(3/42). Let q be (2/4)/(d/42). What is the remainder when 14 is divided by (40/12 + q)*12?
2
Let u(q) = 25*q**2 - 99*q - 406. What is the remainder when u(-4) is divided by 9?
3
Suppose -2*o - o = -0*o. Let m = 48 + o. What is the remainder when m is divided by 13?
9
Suppose -349 - 229 = -34*d. What is the remainder when 72/(-2*(-3)/4) is divided by d?
14
Suppose 68 = 3*f + 2*p, 5*p - 49 = -5*f + 71. Calculate the remainder when 54 is divided by f.
14
Suppose r = 6*r + 210. Calculate the remainder when 63/r - 67/(-2) is divided by 9.
5
Let q(m) = -m**2 - 24*m + 25. Let y be q(-24). Suppose -29*r = -y*r - 52. Let b(c) = 3*c**2 - c + 3. What is the remainder when b(4) is divided by r?
8
Let w(x) = -x**3 - 23*x**2 + 17*x - 64. What is the remainder when w(-24) is divided by 9?
5
Let i(w) = 5*w**2 + 9*w + 9. What is the remainder when 60 is divided by i(-4)?
7
Suppose -5*w = -62 - 83. Let f = 111 + -62. Suppose 2*p - f = -d, 4*p = 2*d + d - 187. What is the remainder when d is divided by w?
28
Suppose j - 42 = -3*r, 64*j = 69*j + 15. Calculate the remainder when 1467 is divided by r.
12
Let d = 8 - 8. Suppose 296 = -d*b + 4*b. Suppose r = -5*c + 130, 2*r = -2*c + 41 + 19. Calculate the remainder when b is divided by c.
24
Let s = 226 - 203. What is the remainder when 54 is divided by s?
8
Let y(x) = 5*x**3 + x**2. Let l = 2 + 0. Let h be y(l). Suppose -2*t + 2*s + 2*s + 26 = 0, 2*t - h = -5*s. Calculate the remainder when t is divided by 9.
8
Suppose r - g = -29, -2*r - 3*r + 2*g - 157 = 0. Let j = r + 45. What is the remainder when ((-32)/(-2))/(5/10) is divided by j?
8
Suppose -11*x - 5*x + 560 = 0. Calculate the remainder when 128 is divided by x.
23
Calculate the remainder when 233 + 5*(-4)/50*15 is divided by 33.
29
Let k be 0*((-12)/(-4))/3. Suppose 3*w - 2*v + 41 = k, w - 6*w + 2*v - 75 = 0. Let g = 27 - w. What is the remainder when g is divided by 9?
8
Suppose -u + 4 = -0. Let j(i) = -i**3 + 4*i**2 + 3*i - 5. Suppose 0 = o - 23 + 4. Calculate the remainder when o is divided by j(u).
5
Let k = 14 - 5. Suppose -b = -k + 6. What is the remainder when (-2 - 7/(-2))/((-2)/(-12)) is divided by b?
0
Let b be ((-3 - -2) + 6)*1. Suppose 2*u = -u - q + 85, -4*q = -b*u + 136. Calculate the remainder when u is divided by 10.
8
Suppose -3*z - k + 40 = -0*k, -50 = -3*z + k. Let u be (4/(-6))/(2/60). Let g = u + 62. Calculate the remainder when g is divided by z.
12
Let n be (42/(-15))/(2/40). Let o = 91 + n. Calculate the remainder when o is divided by (-1)/(1/(-2)) - -16.
17
Let o(p) = 46*p + 4. Let x be o(-1). Calculate the remainder when ((-1)/5 - 21/70)*x is divided by 13.
8
What is the remainder when 84 is divided by -2 - 81/(-3) - (-41 + 36)?
24
Suppose 4*s = 6*s - 78. Let u = 24 - 2. Suppose 3*l = u + 20. Calculate the remainder when s is divided by l.
11
Let b(f) = f - 12. Let w be b(7). What is the remainder when 22 is divided by (-4 - w)/(2/10)?
2
Let c = -1841 + 1846. Let n = 4 - 2. What is the remainder when c is divided by n?
1
Let s be (-12)/((-11)/((-22)/(-4))). What is the remainder when 34 is divided by -3 + 14 - (-7 + s)?
10
Let d = 716 - 673. Suppose 1 = 3*u - 11, -2*m - 5*u + 270 = 0. Calculate the remainder when m is divided by d.
39
Let l(i) = 2*i + 17. Let p be l(-4). Let g(r) = 3*r**2 + 6*r + 3. What is the remainder when g(-5) is divided by (-166)/(-10) - p/((-45)/2)?
14
Suppose -8*l - 3*g = -10*l + 61, -5*l + 115 = 5*g. What is the remainder when l is divided by 20?
6
Suppose -5*g - m + 67 = 3*m, -69 = -5*g - 3*m. Suppose -2*o + 10*o = 24. Suppose 7*l - 236 = o*l. Calculate the remainder when l is divided by g.
14
Suppose -6*q = -1003 + 283. Suppose -p - q = -4*p. Calculate the remainder when 78 is divided by p.
38
Let u(m) = -3*m - 8. Suppose -4*g = -0*g - 60. What is the remainder when g is divided by u(-4)?
3
Suppose 229*k + 2788 = 5*u + 227*k, 4*u = k + 2231. Calculate the remainder when u is divided by 51.
48
Suppose 52 = -s + 46. Calculate the remainder when 452/6 - (-2)/s is divided by 11.
9
Let j = -70 - -73. Suppose -3*i + j*l = -111, 4*l - 25 = -3*i + 79. What is the remainder when (-8)/10*(-350)/4 is divided by i?
34
Let z(q) be the second derivative of -q**5/20 - 5*q**4/4 - 17*q**3/6 - 7*q**2/2 - 14*q. What is the remainder when z(-14) is divided by 9?
8
Let s = 3 + 5. Let r = 245 + -217. Suppose 7*l + 7 = r. Calculate the remainder when s is divided by l.
2
Suppose 3 = 2*h - 3*m + 8, 3*h = 2*m. Suppose -3*u + 4*s = -103, -h*u + 3*s = 19 - 86. Calculate the remainder when 119 is divided by u.
37
Suppose 3*z - 181 = 2*c, -c + 57 = -z + 2*z. Suppose -4*j + 163 - 43 = 0. Calculate the remainder when z is divided by j.
29
Let s be (-28 + 1)*(7 + -8). Suppose 0 = -26*j + s*j - 11. Suppose -1 = -g - 2*g + 4*q, -5*q = -10. What is the remainder when j is divided by g?
2
Let g(q) = -q**3 - 9*q**2 + 23*q + 16. Let v be g(-11). Suppose -v*b - 2*u = -473, b + 471 = 6*b + 4*u. What is the remainder when b is divided by 20?
15
Let f(h) = 21 + h - 4 + 1. Calculate the remainder when 69 is divided by f(0).
15
Suppose z = -2*x, -5*x = 2*z - 0*z + 3. Suppose -z*b = b - 217. Calculate the remainder when b is divided by 8.
7
Let q = 7 - 5. Suppose -11 = q*p + 23. Let k = p + 49. Calculate the remainder when k is divided by 17.
15
Let y(w) = -14*w**2 + w. Let m be y(2). Suppose 56*b - 53*b - 45 = 0. Calculate the remainder when b is divided by (m/(-21))/3*7.
3
Let b = -54 + -2. Let o = b + 66. Calculate the remainder when 57 is divided by o.
7
Suppose 0 = -3*m, 58 = -3*l + 2*m + 142. What is the remainder when 781 is divided by l?
25
Let m be 2613/26*2/(-3). Let h = m + 173. Let k = -71 + h. Calculate the remainder when 103 is divided by k.
33
Suppose -2*f + 3*f = 2*c - 2, -3*c = 2*f + 4. Suppose -d + 5*r + 1 = c, 1 = 4*r - 3. Calculate the remainder when 10 is divided by d.
4
Suppose -30*d + 32*d + 114 = m, 466 = 4*m - 3*d. Calculate the remainder when m is divided by 22.
8
Let h(j) = -25*j - 5. Let i be h(-3). Calculate the remainder when (i/(-30))/(2/(-18)) is divided by 12.
9
Suppose 0 = -14*h + 2096 + 130. Calculate the remainder when h is divided by 60.
39
Suppose -g - 1 = 5*s, 5*s + 12 = s. Let h be (-1)/(-8) + 5421/(-104). Calculate the remainder when g is divided by 24*(-4 + h/(-12)).
6
What is the remainder when (-1)/((-210)/203 - -1) is divided by 16?
13
Let l(j) be the first derivative of 10*j**3/3 - 9*j + 29. Calculate the remainder when l(4) is divided by 22.
19
Suppose 0 = -5*h + 10*j - 6*j + 377, -4*j = -2*h + 146. What is the remainder when h is divided by 27?
23
Let o be (24/(-18))/(2/(-57)). Suppose 192 = -o*m + 42*m. What is the remainder when m is divided by (-4)/(-6) - 222/(-18)?
9
Let v(o) = o + 1. Let q be v(4). Suppose -q*z + 2*m = -356, -2*z + m + 143 = -0*m. Calculate the remainder when z is divided by 25.
20
Let v(o) = -o - 7. Let d be v(-8). Let t be 1/d - (4 + -5). Suppose t*n = -0*g + 5*g + 42, 0 = -n - g + 14. Calculate the remainder when 63 is divided by n.
15
Calculate the remainder when ((-294)/(-28) + -10)*584 is divided by 9.
4
Suppose -7*w = -338 - 327. Calculate the remainder when 109 is divided by w.
14
Suppose -25*y + 879 = -22*y. Calculate the remainder when y is divided by 19.
8
Let w = -25 - -63. What is the remainder when w is divided by 15?
8
Let l(m) = 3*m**2 - 23*m - 21. Calculate the remainder when l(10) is divided by 23.
3
Let a = -591 - -608. Calculate the remainder when 62 is divided by a.
11
Let h = -774 + 783. Suppose 9 = 2*n + 3. Suppose l + n*g + 40 = 3*l, 2*g = 5*l - 122. Calculate the remainder when l is divided by h.
8
Suppose z = 2*z - 86. Let s = z - 26. Let u = s + -21. What is the remainder when u is divided by 10?
9
Let w(r) be the third derivative of -19*r**6/40 + 11*r**2. Let h be w(-1). Suppose -6*t = -h + 3. What i